= 7055 - 7059. Let x(w) be the first derivative of -w**5/120 - w**4/12 + w**3 - 2. Let q(t) be the third derivative of x(t). Give q(l).
2
Let z(i) be the third derivative of i**6/120 - i**5/15 - 5*i**4/24 + i**3/2 - 27*i**2. Suppose 0 = -4*a + 5*h - 1, -h - 45 = -5*a - 4*h. Calculate z(a).
45
Let p(d) = 6*d - 11. Let j(f) be the second derivative of -f**3/6 + f**2 - 176*f. Let q(b) = -11*j(b) - 2*p(b). What is q(-1)?
1
Let p(s) = -s**3 - 11*s**2 - 11*s - 14. Suppose 4*j - a = -41, 3*j + 56 = a + 25. Give p(j).
-4
Let d(a) = 2 + 33*a - 2*a**2 - 65*a + 4*a**2 - 2*a**3 + 31*a. Suppose -3*n + 7 = -4*y - 0*n, -5*y - 15 = -5*n. What is d(y)?
-8
Suppose 2*c + 0*c - 23 = -3*d, 0 = c - 1. Suppose -4*g + d = -1. Let n(s) = 9 + 7*s + 12*s + s**g - 10*s. What is n(-7)?
-5
Let p = -1 - -1. Suppose p = -h + z - 5 - 1, 12 = 4*h + 5*z. Let c(s) be the second derivative of -s**3/6 - s**2/2 + 2*s + 2. Determine c(h).
1
Let q = -71 - -26. Let u be (-4)/10 + (-153)/q. Let c(a) = -a + 1. Let b(f) = 5*f - 8. Let s(z) = -b(z) - 4*c(z). Give s(u).
1
Let x(q) = 124 - 134 + 48 - 15*q. Calculate x(-4).
98
Let v(a) be the third derivative of -1/15*a**5 + 0*a**3 + 0*a + 0 + 1/12*a**4 + 1/60*a**6 + 4*a**2. Let t = -8878 - -8880. Determine v(t).
4
Let z(a) be the first derivative of 8*a**2 + a - 2. Suppose -49*i - 15 = -52*i. Suppose 0 = -v + 6*v, u - 1 = -i*v. What is z(u)?
17
Suppose -4*a + 4*l - 4 = 0, 29 - 5 = 4*a + 3*l. Let n(c) = c + 160 + 4*c**2 - 160 + c**a. What is n(-3)?
6
Suppose -13 = -5*s - 3. Suppose -3*l + 2*v + s*v = -65, 3*l + 4*v = 97. Let b be (-6)/(-27) - 114/l. Let c(h) = -h**3 - 5*h**2 - 5*h - 4. Give c(b).
0
Suppose -o + 4*h = 117, -o - 5*h = -6*o - 585. Let p = o + 123. Let s(d) = -2*d**2 + 9*d - 7. Determine s(p).
-25
Let m(x) be the third derivative of 7/24*x**4 + 0*x + 19*x**2 + 1/360*x**6 + 0*x**3 + 0 - 1/40*x**5. Let u(h) be the second derivative of m(h). What is u(2)?
1
Let q(u) be the first derivative of 2 + 0*u - 2*u**2 + 1/4*u**4 - u**3. Calculate q(3).
-12
Let n(p) = 15*p**3 + 25*p**2 - 29*p - 21. Let h = -14 + 8. Let v(k) = 7*k**3 + 12*k**2 - 14*k - 10. Let i(f) = h*n(f) + 13*v(f). Calculate i(-7).
3
Let d(o) = o + 1. Let g = -116 + 120. Suppose -3*c + 2*s + 15 = 36, 0 = 2*c - g*s + 14. Give d(c).
-6
Let g(l) = l**2 + 56*l - 229. Let d be g(4). Let m(p) = -5*p - 5. Calculate m(d).
-60
Suppose -98131*t + 98123*t = -8. Let z(q) = 90*q + 3. What is z(t)?
93
Let r(g) = 4*g**3 - g + 2. Let m(p) = p**3 + p**2 + 1. Let d(v) = -3*m(v) + r(v). Let a(l) = 4*l + 63. Let b be a(-13). Let s = -7 + b. Determine d(s).
11
Suppose y - j + 8 = 4*j, 15 = 3*y - 2*j. Let q(h) = -9*h + 14. Let x(d) = 13*d - 21. Let g(b) = y*q(b) + 5*x(b). Let r be 16/32*-64 + (26 - -14). Give g(r).
9
Suppose 4*b = n + 540, 2*b - 3*n = 127 + 153. Let y(o) = -3*o + 2*o + 135 + 2*o**3 - b. Let g = -13 + 14. Determine y(g).
2
Suppose -p = -2*p + 9. Let x(j) = j**2 - 9*j + 4. Let k be x(p). Let a(w) = -257 + 512 + 5*w + w**3 - 3*w**2 - 4*w - 259. Calculate a(k).
16
Let v(s) = -s. Let r(u) = u + 17. Let x(j) = r(j) + 2*v(j). Suppose -2224 = -93*y - 922. Determine x(y).
3
Let p(v) be the third derivative of 3/20*v**5 - 5/6*v**3 + 3*v**2 + 0*v - 1/120*v**6 + 0 + 0*v**4. Calculate p(9).
-5
Let d(f) = -29*f + 372. Let r be d(13). Let k(a) = -a**3 - 4*a**2 + 3*a + 7. Calculate k(r).
17
Let p(j) = j**2 - 4*j - 9. Let t be 1 + -6 + 3 - (-2 + 7). Let o(y) = y**2 - 5*y - 9. Let a(c) = t*o(c) + 6*p(c). Give a(12).
-3
Let d(y) = -137 + 19*y + 41 - 24*y. What is d(-18)?
-6
Let q(m) = -m**3 + 13*m**2 + 70*m - 29. Suppose -28 = 4*o, 38 = z - 1416*o + 1413*o. Give q(z).
5
Let v be 0*(4 + (-52)/12). Let a(f) = 42*f**2 + 13*f + 14. Let d(r) = 23*r**2 + 7*r + 7. Let y(t) = -6*a(t) + 11*d(t). Determine y(v).
-7
Let t(h) be the third derivative of -2/3*h**3 - 7/24*h**4 + 0*h + 0 + 18*h**2. Give t(-3).
17
Let i(q) = -202*q + 8321*q**2 + 197*q + q**3 + 6 - 8320*q**2. Determine i(2).
8
Let u(p) be the second derivative of p**6/240 - p**5/15 - 2*p**4 - 5*p - 4. Let a(i) be the third derivative of u(i). Calculate a(7).
13
Let k(f) = 2*f**2 + 11*f - 17. Let i(z) = -26*z + 436. Let b be i(17). Give k(b).
-11
Let f(t) be the first derivative of 67*t**2/2 - 668*t + 1753. What is f(10)?
2
Suppose -3*l + 44 = 4*k, -5*l - 3*k - 3 = -47. Let d(y) = 18*y - 83. Calculate d(l).
-11
Let k = 3 + 2. Let o(w) = 3*w - 32*w + 7*w + 6 + 13*w - 5*w + 10*w. Calculate o(k).
-14
Let f be 3 + 1 - 0 - (-4)/2. Suppose 3*w = -f*x + x - 7, -5*w - 4*x = -10. Let y(s) = 7*s**2 - w - 5*s - 6*s**2 + 1. Determine y(6).
1
Let n be -2 - (3 + -8 + 3 - 26). Let t(a) = n - 14 - 11 - 20*a**2. Determine t(1).
-19
Let u be 2/(-4) + (-30270)/(-60). Let p = u + -492. Let n(r) = r - 10. Give n(p).
2
Let b(l) = 5*l**2 + 2*l + 1. Let g(k) = -4*k**2 - k. Let z be g(1). Let r(n) = -11*n**2 - 6*n - 2. Let p(w) = z*b(w) - 2*r(w). Determine p(-2).
-17
Let i(u) = 5*u - 2. Let n(h) be the first derivative of -6*h**2 + 3*h + 4. Let g(z) = 5*i(z) + 2*n(z). Determine g(0).
-4
Let w(x) = 7*x**3 + 7*x**2 + 2*x + 2. Suppose -3*u + 208*h = 210*h + 2, u - 2*h = -6. Give w(u).
-30
Let j(s) = -s + 3. Let h = -2174 + 1425. Let n = h - -738. Give j(n).
14
Let a(o) = 15559 - 5*o - 7779 - 16*o - o**3 - 9*o**2 - 7773 - 8*o**2. Determine a(-15).
-128
Let z(l) be the third derivative of 1/60*l**5 + 0*l**4 - 1/6*l**3 + 1/8*l**6 + 166*l**2 + 0 + 0*l. Calculate z(-1).
-15
Let k(q) = 3*q + 2 - 56*q + 17 + 7*q + 38*q. Give k(4).
-13
Let s(j) = 20*j. Let b(k) = -22*k - 1. Let c(t) = 5*b(t) + 6*s(t). Suppose 5*u + 4*y = 9*y - 45, 30 = -5*u + 2*y. Determine c(u).
-45
Let h(g) = 9128*g**3 - 7*g**2 - 4565*g**3 - 10 - 4565*g**3 + 17 + 5*g. What is h(-4)?
3
Suppose -6856*o = -6817*o - 156. Let n(m) = 4*m - 40. Calculate n(o).
-24
Let h(t) be the third derivative of -15*t**2 + 1/120*t**6 + 1/20*t**5 + 1/6*t**3 + 0 + 0*t + 1/6*t**4. Let g be (-1)/((-11)/3 + 4). What is h(g)?
-11
Suppose -12*m = -39 + 15. Let o(z) = -8 + 7 + 6*z**2 - 2*z + 0*z**2. Calculate o(m).
19
Let h(t) = t**2 - 2*t - 11. Let y be h(5). Let a be (0 + 1)/((-1)/(-23)). Let f(p) = -p**3 - 26*p + 1 + 4*p**2 + a*p + 5. What is f(y)?
-6
Let k = -344 - -351. Let d(b) be the third derivative of -b**4/24 + 3*b**3/2 + 468*b**2. Determine d(k).
2
Let f(o) = -2*o**2 - o - 2. Let n(z) = -16*z**2 - 49*z + 12. Let j(b) = 4*f(b) - n(b). What is j(-6)?
-2
Suppose -3*w = -4*w + 3. Suppose -5*h + 7*l = w*l, 4*h = 4*l - 4. Let x(u) = -u**3 + 5*u**2 - u - 3. Give x(h).
9
Suppose 0*x = x, 0 = -5*z - 3*x + 20. Let m(j) = 133 + 8*j**3 - 267 + 137 - z*j. Let i(d) = d - 1. Let n(c) = -2*i(c) - m(c). Give n(1).
-7
Let b be (-3)/(-2)*(-112)/42. Let j(i) = -i**3 - 14*i**2 + 8*i + 10. Let n(y) = 2*y**3 + 27*y**2 - 17*y - 19. Let t(a) = b*n(a) - 7*j(a). What is t(-11)?
-5
Let n(r) = -46*r + 2. Let t be (-25)/(-40) + 36/96. Calculate n(t).
-44
Let d(w) = -9*w + 15. Let p(l) = -9*l + 14. Let y(s) = -2*d(s) + 3*p(s). Let j be y(1). Let x(r) = -r**2 + 3*r. Determine x(j).
0
Suppose -5*y = 10, 0 = x + 2*y + 2 - 0. Suppose 5*n = 4*k + k - 15, 5*k + 2*n = 1. Let f(d) = -5*d + 2*d + k + 2. What is f(x)?
-3
Let d = -19 + 13. Let l = 6 + d. Let g(k) = -k**3 - 2*k**2 + 269*k + 6 - 135*k - 133*k + 3*k**2. Determine g(l).
6
Let r(v) = v**2 - 42*v + 6 + 16*v - 14 + 23*v. Suppose 4 = -k + 2*a, 3*a - 12 = -k + a. Determine r(k).
-4
Let y(a) = 56*a + 725. Let q be y(-13). Let c(h) = h**3 + 4*h**2 + 3*h - 2. Give c(q).
-2
Let t(y) = 2*y**2 - 4*y + 12. Let w be (-162)/(-32) - (-27)/3456*-8. Calculate t(w).
42
Let y(j) = -4*j + 31. Let h be y(7). Let g(v) be the first derivative of -h + 16/3*v**3 + 0*v**2 - v. What is g(-1)?
15
Suppose 4*o = 2*o - 0*o. Let g be 3 - (o + -2 + 1). Let i(m) = g*m + 4*m**3 - m**2 - m**3 + 0*m**2 - 1 - 6*m. Give i(-1).
-3
Let a(m) = m**2 + 19*m + 34. Suppose 5*s = 12*y - 14*y - 49, -s - 3 = 0. Determine a(y).
0
Let x = -383 + 391. Let g(v) = -7 + 5 + v - x. Calculate g(0).
-10
Suppose -5*a = -4 - 36. Let u(o) = 8*o - 55*o**2 - a + 51*o**2 + 5*o**2. Calculate u(-7).
-15
Let d be 1 + -2 + 0 + 100 + -96. Let a(z) = -8*z - 21*z**3 - 2*z**2 - 1 + 13*z - 3*z + 3*z**d. Determine a(1).
-19
Let n(i) = 2*i - 2. Let y(a) = -a**3 - 4*a**2 - 3. Let k(x) = x**3 - 53*x**2 - 111*x + 56. Let d be k(55). Let j(f) = d*y(f) - n(f). Determine j(-3).
-4
Sup